{"id":14620,"date":"2017-12-07T02:25:11","date_gmt":"2017-12-07T02:25:11","guid":{"rendered":"http:\/\/ninzio.com\/agrikole\/?page_id=2288"},"modified":"2017-12-07T02:25:11","modified_gmt":"2017-12-07T02:25:11","slug":"portfolio","status":"publish","type":"page","link":"https:\/\/www.agri-en.org\/index.php\/portfolio\/","title":{"rendered":"Portfolio"},"content":{"rendered":"<section class=\"wpb-content-wrapper\"><p>[vc_row][vc_column]\r\n\t<div class=\"agrikole-spacer clearfix\" data-desktop=\"120\" data-mobi=\"60\" data-smobi=\"60\"><\/div>\r\n<div class=\"agrikole-project-grid  image-rounded\" data-layout=\"masonry\" data-column=\"3\" data-column2=\"3\" data-column3=\"2\" data-column4=\"1\" data-gaph=\"30\" data-gapv=\"30\" data-filter=\"\">\r\n<div style=\"\">\r\n\r\n\t\r\n\t\t<div id=\"portfolio\" class=\"cbp\">\r\n\t\t    \r\n\t            <div class=\"cbp-item farm healthy \">\r\n\t\t\t\t\t<div class=\"project-box\">\r\n\t\t\t\t\t\t<div class=\"inner\">\r\n\t\t\t\t\t\t\t<div class=\"project-image\"><img loading=\"lazy\" decoding=\"async\" width=\"472\" height=\"603\" src=\"https:\/\/www.agri-en.org\/wp-content\/uploads\/2020\/02\/Screenshot_2-1.png\" class=\"attachment-agrikole- size-agrikole- wp-post-image\" alt=\"\" srcset=\"https:\/\/www.agri-en.org\/wp-content\/uploads\/2020\/02\/Screenshot_2-1.png 472w, https:\/\/www.agri-en.org\/wp-content\/uploads\/2020\/02\/Screenshot_2-1-235x300.png 235w\" sizes=\"auto, (max-width: 472px) 100vw, 472px\" \/><div class=\"title-wrap\" style=\"\"><h4 class=\"title\"><a href=\"https:\/\/www.agri-en.org\/index.php\/project\/project-1\/\" title=\"Punesimi i te rinjve ne zonat malore eshte sfide dhe mundesi\">Punesimi i te rinjve ne zonat malore eshte sfide dhe mundesi<\/a><\/h4><\/div><div class=\"project-text\" style=\"\"><h4 class=\"title\"><a href=\"https:\/\/www.agri-en.org\/index.php\/project\/project-1\/\" title=\"Punesimi i te rinjve ne zonat malore eshte sfide dhe mundesi\">Punesimi i te rinjve ne zonat malore eshte sfide dhe mundesi<\/a><\/h4><div class=\"button\"><a href=\"https:\/\/www.agri-en.org\/index.php\/project\/project-1\/\">Read More<\/a><\/div><div class=\"arrow\"><a href=\"https:\/\/www.agri-en.org\/index.php\/project\/project-1\/\"><span class=\"core-icon-next\"><\/span><\/a><\/div><\/div><\/div>\t\t                <\/div>\r\n\t\t\t\t\t<\/div><!-- \/.project-box -->\r\n\t            <\/div><!-- \/.cbp-item -->\r\n\t\t\t\r\n\t            <div class=\"cbp-item \">\r\n\t\t\t\t\t<div class=\"project-box\">\r\n\t\t\t\t\t\t<div class=\"inner\">\r\n\t\t\t\t\t\t\t<div class=\"project-image\"><img loading=\"lazy\" decoding=\"async\" width=\"472\" height=\"603\" src=\"https:\/\/www.agri-en.org\/wp-content\/uploads\/2023\/05\/Screenshot_2.png\" class=\"attachment-agrikole- size-agrikole- wp-post-image\" alt=\"\" srcset=\"https:\/\/www.agri-en.org\/wp-content\/uploads\/2023\/05\/Screenshot_2.png 472w, https:\/\/www.agri-en.org\/wp-content\/uploads\/2023\/05\/Screenshot_2-235x300.png 235w\" sizes=\"auto, (max-width: 472px) 100vw, 472px\" \/><div class=\"title-wrap\" style=\"\"><h4 class=\"title\"><a href=\"https:\/\/www.agri-en.org\/index.php\/project\/rritja-e-ndergjegjesimit-te-komunitetit-per-mbrojtjen-e-natyres-se-parkut-kombetar-shebenik-jabllanices\/\" title=\"Rritja e nd\u00ebrgjegj\u00ebsimit t\u00eb komunitetit p\u00ebr mbrojtjen e natyr\u00ebs s\u00eb Parkut Komb\u00ebtar Shebenik-Jabllanic\u00ebs\">Rritja e nd\u00ebrgjegj\u00ebsimit t\u00eb komunitetit p\u00ebr mbrojtjen e natyr\u00ebs s\u00eb Parkut Komb\u00ebtar Shebenik-Jabllanic\u00ebs<\/a><\/h4><\/div><div class=\"project-text\" style=\"\"><h4 class=\"title\"><a href=\"https:\/\/www.agri-en.org\/index.php\/project\/rritja-e-ndergjegjesimit-te-komunitetit-per-mbrojtjen-e-natyres-se-parkut-kombetar-shebenik-jabllanices\/\" title=\"Rritja e nd\u00ebrgjegj\u00ebsimit t\u00eb komunitetit p\u00ebr mbrojtjen e natyr\u00ebs s\u00eb Parkut Komb\u00ebtar Shebenik-Jabllanic\u00ebs\">Rritja e nd\u00ebrgjegj\u00ebsimit t\u00eb komunitetit p\u00ebr mbrojtjen e natyr\u00ebs s\u00eb Parkut Komb\u00ebtar Shebenik-Jabllanic\u00ebs<\/a><\/h4><div class=\"button\"><a href=\"https:\/\/www.agri-en.org\/index.php\/project\/rritja-e-ndergjegjesimit-te-komunitetit-per-mbrojtjen-e-natyres-se-parkut-kombetar-shebenik-jabllanices\/\">Read More<\/a><\/div><div class=\"arrow\"><a href=\"https:\/\/www.agri-en.org\/index.php\/project\/rritja-e-ndergjegjesimit-te-komunitetit-per-mbrojtjen-e-natyres-se-parkut-kombetar-shebenik-jabllanices\/\"><span class=\"core-icon-next\"><\/span><\/a><\/div><\/div><\/div>\t\t                <\/div>\r\n\t\t\t\t\t<\/div><!-- \/.project-box -->\r\n\t            <\/div><!-- \/.cbp-item -->\r\n\t\t\t\r\n\t            <div class=\"cbp-item \">\r\n\t\t\t\t\t<div class=\"project-box\">\r\n\t\t\t\t\t\t<div class=\"inner\">\r\n\t\t\t\t\t\t\t<div class=\"project-image\"><img loading=\"lazy\" decoding=\"async\" width=\"472\" height=\"603\" src=\"https:\/\/www.agri-en.org\/wp-content\/uploads\/2023\/05\/Screenshot_2.png\" class=\"attachment-agrikole- size-agrikole- wp-post-image\" alt=\"\" srcset=\"https:\/\/www.agri-en.org\/wp-content\/uploads\/2023\/05\/Screenshot_2.png 472w, https:\/\/www.agri-en.org\/wp-content\/uploads\/2023\/05\/Screenshot_2-235x300.png 235w\" sizes=\"auto, (max-width: 472px) 100vw, 472px\" \/><div class=\"title-wrap\" style=\"\"><h4 class=\"title\"><a href=\"https:\/\/www.agri-en.org\/index.php\/project\/fuqizimi-ekonomik-i-fermereve-nepermjet-krijimit-te-modeleve-agro-kulturale\/\" title=\"Fuqizimi ekonomik i fermereve nepermjet krijimit te modeleve agro-kulturale\">Fuqizimi ekonomik i fermereve nepermjet krijimit te modeleve agro-kulturale<\/a><\/h4><\/div><div class=\"project-text\" style=\"\"><h4 class=\"title\"><a href=\"https:\/\/www.agri-en.org\/index.php\/project\/fuqizimi-ekonomik-i-fermereve-nepermjet-krijimit-te-modeleve-agro-kulturale\/\" title=\"Fuqizimi ekonomik i fermereve nepermjet krijimit te modeleve agro-kulturale\">Fuqizimi ekonomik i fermereve nepermjet krijimit te modeleve agro-kulturale<\/a><\/h4><div class=\"button\"><a href=\"https:\/\/www.agri-en.org\/index.php\/project\/fuqizimi-ekonomik-i-fermereve-nepermjet-krijimit-te-modeleve-agro-kulturale\/\">Read More<\/a><\/div><div class=\"arrow\"><a href=\"https:\/\/www.agri-en.org\/index.php\/project\/fuqizimi-ekonomik-i-fermereve-nepermjet-krijimit-te-modeleve-agro-kulturale\/\"><span class=\"core-icon-next\"><\/span><\/a><\/div><\/div><\/div>\t\t                <\/div>\r\n\t\t\t\t\t<\/div><!-- \/.project-box -->\r\n\t            <\/div><!-- \/.cbp-item -->\r\n\t\t\t\r\n\t            <div class=\"cbp-item \">\r\n\t\t\t\t\t<div class=\"project-box\">\r\n\t\t\t\t\t\t<div class=\"inner\">\r\n\t\t\t\t\t\t\t<div class=\"project-image\"><img loading=\"lazy\" decoding=\"async\" width=\"472\" height=\"603\" src=\"https:\/\/www.agri-en.org\/wp-content\/uploads\/2023\/05\/Screenshot_2.png\" class=\"attachment-agrikole- size-agrikole- wp-post-image\" alt=\"\" srcset=\"https:\/\/www.agri-en.org\/wp-content\/uploads\/2023\/05\/Screenshot_2.png 472w, https:\/\/www.agri-en.org\/wp-content\/uploads\/2023\/05\/Screenshot_2-235x300.png 235w\" sizes=\"auto, (max-width: 472px) 100vw, 472px\" \/><div class=\"title-wrap\" style=\"\"><h4 class=\"title\"><a href=\"https:\/\/www.agri-en.org\/index.php\/project\/fermeret-te-harruarit-e-covid-19\/\" title=\"Fermeret, te harruarit e Covid-19\">Fermeret, te harruarit e Covid-19<\/a><\/h4><\/div><div class=\"project-text\" style=\"\"><h4 class=\"title\"><a href=\"https:\/\/www.agri-en.org\/index.php\/project\/fermeret-te-harruarit-e-covid-19\/\" title=\"Fermeret, te harruarit e Covid-19\">Fermeret, te harruarit e Covid-19<\/a><\/h4><div class=\"button\"><a href=\"https:\/\/www.agri-en.org\/index.php\/project\/fermeret-te-harruarit-e-covid-19\/\">Read More<\/a><\/div><div class=\"arrow\"><a href=\"https:\/\/www.agri-en.org\/index.php\/project\/fermeret-te-harruarit-e-covid-19\/\"><span class=\"core-icon-next\"><\/span><\/a><\/div><\/div><\/div>\t\t                <\/div>\r\n\t\t\t\t\t<\/div><!-- \/.project-box -->\r\n\t            <\/div><!-- \/.cbp-item -->\r\n\t\t\t\r\n\t            <div class=\"cbp-item \">\r\n\t\t\t\t\t<div class=\"project-box\">\r\n\t\t\t\t\t\t<div class=\"inner\">\r\n\t\t\t\t\t\t\t<div class=\"project-image\"><img loading=\"lazy\" decoding=\"async\" width=\"472\" height=\"603\" src=\"https:\/\/www.agri-en.org\/wp-content\/uploads\/2023\/05\/Screenshot_2.png\" class=\"attachment-agrikole- size-agrikole- wp-post-image\" alt=\"\" srcset=\"https:\/\/www.agri-en.org\/wp-content\/uploads\/2023\/05\/Screenshot_2.png 472w, https:\/\/www.agri-en.org\/wp-content\/uploads\/2023\/05\/Screenshot_2-235x300.png 235w\" sizes=\"auto, (max-width: 472px) 100vw, 472px\" \/><div class=\"title-wrap\" style=\"\"><h4 class=\"title\"><a href=\"https:\/\/www.agri-en.org\/index.php\/project\/rritja-e-kapaciteteve-per-menaxhimin-e-qendrueshem-te-bimeve-medicinale-nga-komuniteti-lokal\/\" title=\"Rritja e kapaciteteve p\u00ebr menaxhimin e q\u00ebndruesh\u00ebm t\u00eb bim\u00ebv\u00eb medicinale nga komuniteti lokal\">Rritja e kapaciteteve p\u00ebr menaxhimin e q\u00ebndruesh\u00ebm t\u00eb bim\u00ebv\u00eb medicinale nga komuniteti lokal<\/a><\/h4><\/div><div class=\"project-text\" style=\"\"><h4 class=\"title\"><a href=\"https:\/\/www.agri-en.org\/index.php\/project\/rritja-e-kapaciteteve-per-menaxhimin-e-qendrueshem-te-bimeve-medicinale-nga-komuniteti-lokal\/\" title=\"Rritja e kapaciteteve p\u00ebr menaxhimin e q\u00ebndruesh\u00ebm t\u00eb bim\u00ebv\u00eb medicinale nga komuniteti lokal\">Rritja e kapaciteteve p\u00ebr menaxhimin e q\u00ebndruesh\u00ebm t\u00eb bim\u00ebv\u00eb medicinale nga komuniteti lokal<\/a><\/h4><div class=\"button\"><a href=\"https:\/\/www.agri-en.org\/index.php\/project\/rritja-e-kapaciteteve-per-menaxhimin-e-qendrueshem-te-bimeve-medicinale-nga-komuniteti-lokal\/\">Read More<\/a><\/div><div class=\"arrow\"><a href=\"https:\/\/www.agri-en.org\/index.php\/project\/rritja-e-kapaciteteve-per-menaxhimin-e-qendrueshem-te-bimeve-medicinale-nga-komuniteti-lokal\/\"><span class=\"core-icon-next\"><\/span><\/a><\/div><\/div><\/div>\t\t                <\/div>\r\n\t\t\t\t\t<\/div><!-- \/.project-box -->\r\n\t            <\/div><!-- \/.cbp-item -->\r\n\t\t\t\r\n\t            <div class=\"cbp-item \">\r\n\t\t\t\t\t<div class=\"project-box\">\r\n\t\t\t\t\t\t<div class=\"inner\">\r\n\t\t\t\t\t\t\t<div class=\"project-image\"><img loading=\"lazy\" decoding=\"async\" width=\"472\" height=\"603\" src=\"https:\/\/www.agri-en.org\/wp-content\/uploads\/2023\/05\/Screenshot_2.png\" class=\"attachment-agrikole- size-agrikole- wp-post-image\" alt=\"\" srcset=\"https:\/\/www.agri-en.org\/wp-content\/uploads\/2023\/05\/Screenshot_2.png 472w, https:\/\/www.agri-en.org\/wp-content\/uploads\/2023\/05\/Screenshot_2-235x300.png 235w\" sizes=\"auto, (max-width: 472px) 100vw, 472px\" \/><div class=\"title-wrap\" style=\"\"><h4 class=\"title\"><a href=\"https:\/\/www.agri-en.org\/index.php\/project\/nxitja-dhe-pomovimi-i-turzimit-ne-bashkine-prrenjas-nepermjet-guidave-lokale\/\" title=\"Nxitja dhe pomovimi i turzimit ne bashkine Prrenjas n\u00ebp\u00ebrmjet guidave lokale\">Nxitja dhe pomovimi i turzimit ne bashkine Prrenjas n\u00ebp\u00ebrmjet guidave lokale<\/a><\/h4><\/div><div class=\"project-text\" style=\"\"><h4 class=\"title\"><a href=\"https:\/\/www.agri-en.org\/index.php\/project\/nxitja-dhe-pomovimi-i-turzimit-ne-bashkine-prrenjas-nepermjet-guidave-lokale\/\" title=\"Nxitja dhe pomovimi i turzimit ne bashkine Prrenjas n\u00ebp\u00ebrmjet guidave lokale\">Nxitja dhe pomovimi i turzimit ne bashkine Prrenjas n\u00ebp\u00ebrmjet guidave lokale<\/a><\/h4><div class=\"button\"><a href=\"https:\/\/www.agri-en.org\/index.php\/project\/nxitja-dhe-pomovimi-i-turzimit-ne-bashkine-prrenjas-nepermjet-guidave-lokale\/\">Read More<\/a><\/div><div class=\"arrow\"><a href=\"https:\/\/www.agri-en.org\/index.php\/project\/nxitja-dhe-pomovimi-i-turzimit-ne-bashkine-prrenjas-nepermjet-guidave-lokale\/\"><span class=\"core-icon-next\"><\/span><\/a><\/div><\/div><\/div>\t\t                <\/div>\r\n\t\t\t\t\t<\/div><!-- \/.project-box -->\r\n\t            <\/div><!-- \/.cbp-item -->\r\n\t\t\t\t\t<\/div><!-- \/#portfolio -->\r\n\r\n\t\t\t\r\n\t\r\n<\/div>\r\n<\/div><!-- \/.agrikole-project -->\r\n\r\n\r\n\t<div class=\"agrikole-spacer clearfix\" data-desktop=\"120\" data-mobi=\"60\" data-smobi=\"60\"><\/div>[\/vc_column][\/vc_row]<\/p>\n<\/section>","protected":false},"excerpt":{"rendered":"<p>[vc_row][vc_column][\/vc_column][\/vc_row]<\/p>\n","protected":false},"author":1,"featured_media":0,"parent":0,"menu_order":0,"comment_status":"closed","ping_status":"closed","template":"","meta":{"footnotes":""},"class_list":["post-14620","page","type-page","status-publish","hentry"],"_links":{"self":[{"href":"https:\/\/www.agri-en.org\/index.php\/wp-json\/wp\/v2\/pages\/14620","targetHints":{"allow":["GET"]}}],"collection":[{"href":"https:\/\/www.agri-en.org\/index.php\/wp-json\/wp\/v2\/pages"}],"about":[{"href":"https:\/\/www.agri-en.org\/index.php\/wp-json\/wp\/v2\/types\/page"}],"author":[{"embeddable":true,"href":"https:\/\/www.agri-en.org\/index.php\/wp-json\/wp\/v2\/users\/1"}],"replies":[{"embeddable":true,"href":"https:\/\/www.agri-en.org\/index.php\/wp-json\/wp\/v2\/comments?post=14620"}],"version-history":[{"count":0,"href":"https:\/\/www.agri-en.org\/index.php\/wp-json\/wp\/v2\/pages\/14620\/revisions"}],"wp:attachment":[{"href":"https:\/\/www.agri-en.org\/index.php\/wp-json\/wp\/v2\/media?parent=14620"}],"curies":[{"name":"wp","href":"https:\/\/api.w.org\/{rel}","templated":true}]}}